 -5*p, 5*f + 2*p = 6*p + 3615. Suppose 0 = 3*z - 4*z + f. Suppose 5*m - 2192 + z = 0. Is m a composite number?
False
Let h(y) = -y**3 - 6*y**2 - y + 2. Let x be h(-4). Let l = 18 + x. Is 12/l*1230/(-9) a prime number?
False
Let f = -1818 + 9044. Is f a composite number?
True
Suppose 5*j + c + 4 - 1 = 0, -5*j = 2*c + 6. Let i(k) = -31*k + j - 2 + 6 - 40*k. Is i(-3) composite?
True
Let i be 43*(66/2 - -2). Let t = i + -654. Is t composite?
True
Let x = -12641 - -27208. Is x prime?
False
Suppose 50*x = 40*x + 20950. Is x prime?
False
Suppose 17*q - 51345 = 8*q. Suppose -3*f + q = 3*z - f, -2*z + f + 3808 = 0. Is z a composite number?
True
Suppose 3*i - m = -194, -i + 3*m + 26 - 96 = 0. Let u = i + 35. Let p = 24 - u. Is p a prime number?
True
Suppose -10 = -4*k + 18. Let u(q) = -q**3 - 7*q**2 - 10*q + 5. Let i be u(-8). Is (-2)/k + i/7 composite?
True
Suppose d - 122194 = -3*g, 3*g - d = -5*d + 122197. Is g composite?
True
Let g(h) = 203*h**2 + 105*h + 19. Is g(15) composite?
False
Suppose 8204 = 5*n - 2061. Is n prime?
True
Let m(v) be the second derivative of 3*v**3 + 5*v**2 + 2*v. Let t be m(-12). Let h = t - -293. Is h a composite number?
True
Suppose -5*a + 3*u = -2*u + 1155, 5*a = -5*u - 1145. Let h = -137 - a. Is h a prime number?
False
Suppose 958148 = 40*o - 621812. Is o a prime number?
True
Let m be (3 - 105/10)*1*2. Is (-4)/3 - (59450/m + 1) a prime number?
False
Let x(m) = -178*m - 37. Let k be x(-7). Let g = -396 + k. Is g a composite number?
True
Let p be 2/(-13) + (-3910)/(-65). Suppose -5 = -5*w, 4*w + 372 + p = 4*k. Is k a prime number?
True
Let c be ((-7470)/(-20))/(2/4). Let q = -425 + c. Suppose 0 = -2*l - 2*h + q, 2*h = -3*l + 4*h + 493. Is l a prime number?
True
Suppose -g - 20 = -5*p, -g - 12 = -3*p - 0*g. Suppose 1670 = p*j + 3*t, -j + t = -0*t - 421. Is j a composite number?
False
Let w(f) = 21*f + 1. Let s be w(1). Let l be 13/5 + s/55. Suppose -296 = -p - l*p. Is p prime?
False
Let g be -1910 - (-6)/(9/(-3)). Let q be (g/6)/(2/(-3)). Suppose 5*n + 5*t = 2*n + 458, 3*n + t = q. Is n a prime number?
False
Is ((-6)/12)/((-1)/8506) a prime number?
True
Let x = 11713 - 4850. Is x a composite number?
False
Let v = -10 + 27. Suppose 4*p = v - 1. Suppose 5*z - 793 = -4*w, -5*w - 164 = -z - p*w. Is z composite?
True
Let h(o) = -12*o**2 + 32*o - 5. Let y(u) = -u. Let f(d) = -h(d) - 4*y(d). Is f(12) a prime number?
False
Suppose k + 2 = -0*k. Let p(o) = 5*o - 35. Let z be p(7). Is k/(6/(-273)) + z prime?
False
Let u(v) = -v + 1. Let x(a) = a**3 - 15*a**2 - 21*a + 20. Let j(r) = 4*u(r) - x(r). Let s be j(16). Suppose 2*g - 4*g + 22 = s. Is g composite?
False
Let y = 6604 + -3525. Is y prime?
True
Let u(o) be the third derivative of 0*o + 0 + 2*o**2 + 155/24*o**4 + 2/3*o**3. Is u(2) a prime number?
False
Suppose 4*x + 0*x + 4*f = 2204, x - 549 = -2*f. Is x a prime number?
False
Let s be (-2)/8 + (-52)/(-16). Suppose -p + 3 = -s*f - 6, 5*p = -2*f - 40. Is p/9 - 635/(-3) prime?
True
Let w be 10 + -7 - (3 - 2). Suppose g + 12 = -g - 4*q, -3*g + w*q + 22 = 0. Suppose -g*r - 582 = -1598. Is r composite?
True
Suppose x - 72 = -2*v, -5*x - 15 = -3*v + 67. Suppose 3*k - 4*f = 5*k + 46, 3*k - f + v = 0. Let s = k + 32. Is s a prime number?
True
Let f = 12 + -9. Suppose -3*g - 821 = -2*y, 5*y - 2777 = f*g - 729. Is y a composite number?
False
Let f = 18 + -15. Let s(c) = -c**2 + c + 6. Let p be s(f). Suppose 5*h = h + y + 678, p = -2*h + y + 340. Is h a composite number?
True
Let z be (-26)/(-8) + (-3)/12 - -24. Is (-3685)/(-10) + (z/(-6))/3 a prime number?
True
Suppose h - 6 = -2*h - 3*o, 2*o = 0. Suppose -r + 5*v = -h*r, -3*v = 5*r - 22. Suppose -r*m + 1476 = -559. Is m prime?
False
Is -1*(1 - 16315 - 8) a composite number?
True
Let o = 2642 + 2859. Is o a prime number?
True
Suppose -62*d = -67*d + 24935. Is d composite?
False
Suppose -25*t + 5*v + 21495 = -24*t, -3*t + 2*v = -64459. Is t a prime number?
False
Let p be (1/(-3))/(7/(-21)). Let k be 4/(0 + p + 0). Suppose -3*v + 25 = j, 2*j = 3*j - k*v - 53. Is j prime?
True
Suppose -62*z + w = -64*z + 3790, 0 = 3*z + 4*w - 5695. Is z a prime number?
False
Suppose 12 = 3*l, -l - 774 + 2930 = 4*z. Is z a prime number?
False
Let f(l) = 26*l**3 - 20*l**2 - 8*l - 9. Let b(o) = -9*o**3 + 7*o**2 + 3*o + 3. Let h(n) = 17*b(n) + 6*f(n). Is h(2) a composite number?
False
Suppose 0 = -23*y + 21740 + 55793. Is y prime?
True
Let m = -9284 - -13105. Is m a composite number?
False
Let i be 4 + (-1 - -168) + 0. Let b = -53 + i. Is b a prime number?
False
Is (-45599 + (1 - 1))*(0 - 1) composite?
False
Suppose 0 = -5*f - 3*r + 109811, 5*r + 18 - 28 = 0. Is f prime?
True
Let l(h) = -8*h - 3. Let s be l(2). Let t = -19 - s. Let x(v) = 2*v + 161. Is x(t) a composite number?
True
Suppose -3*h = 2*c + 9, -c - 10 = -6*c - h. Let r = c - -38. Let u = 344 - r. Is u a prime number?
False
Let f be 12/(-5)*20/(-6). Let l(s) = s**2 - 7*s - 4. Let w be l(f). Suppose -w*u = y - 477, 4*y = -0*y + 4. Is u a prime number?
False
Let h(d) = 84*d**2 - 1. Suppose 0 = -5*x - 14 + 74. Let k be 3*(-4)/x*2. Is h(k) prime?
False
Let s(c) = -1918*c - 35. Let q(g) = g + 1. Let z(u) = -70*q(u) - 2*s(u). Let y(i) = 753*i. Let f(j) = -11*y(j) + 2*z(j). Is f(-1) prime?
True
Suppose 79138 = 40*y - 1534582. Is y composite?
False
Suppose 0 = -538*x + 549*x - 86867. Is x a composite number?
True
Suppose -2*o = -876 + 106. Let d = 565 - o. Suppose v - d = 113. Is v prime?
True
Let v(c) = -1119*c**2 + c. Let k be v(-1). Let l = k - -3549. Is l prime?
False
Let p(k) = -3458*k + 15. Is p(-2) a composite number?
True
Let a be 14 + 1 + 2 + -2. Let v be 2/12*-10*-3. Is 92/v*a/6 a prime number?
False
Let d = -686 - -1941. Suppose 6*f - 11*f + d = 0. Is f a composite number?
False
Let o(b) = 24*b + 89. Is o(18) composite?
False
Suppose 2*n + 2 + 10 = 3*r, -3*r + 12 = 2*n. Suppose 0 = 2*z + x - 3316, -3320 = -2*z + x - r*x. Is z a composite number?
False
Let v(u) be the third derivative of u**4/12 + 5*u**3/3 + 2*u**2. Let k be v(-5). Suppose k*s = -p - 3*s + 4, 5*p - 5*s = 120. Is p prime?
True
Suppose 2*m + 10839 = r, 2*r + 3*m - 19137 = 2541. Is r a composite number?
True
Suppose -11*d = -13*d + 6. Suppose -d*c = c - 12. Suppose c*w - 388 = -w. Is w a composite number?
False
Let v = 38 - 26. Let h be 1/(-6) + 2/v. Suppose -5*l = -3*t + 322 - 2258, h = -4*l - 4*t + 1568. Is l a composite number?
False
Let v(x) = -41*x + 8. Let m be v(-1). Is 7175/m + -4 - (-4)/7 a composite number?
True
Suppose -667 + 102 = -5*x. Suppose 0 = -p - 0*p + x. Is p prime?
True
Let v = 21 - 24. Let b be 4*1 - (v - -22). Is (-586)/5*b/6 prime?
True
Suppose x = 3*x - 598. Is (x/(-1)*(0 - -1))/(-1) composite?
True
Let y(k) = 524*k - 31. Suppose 0 = -3*f + 5 + 43. Is y(f) prime?
True
Suppose 3*d - 11*c + 7*c = 380845, d + 4*c = 126975. Is d a prime number?
False
Suppose -k - 54 = k. Let m = k - -32. Suppose 3995 = -h + 6*h + 5*z, m*h - 3989 = -2*z. Is h a prime number?
True
Is 30768/(-72)*6/(-4) a composite number?
False
Suppose 0 = 17*x - 1294 - 40135. Is x a composite number?
False
Let s = 24321 - 10102. Is s prime?
False
Let o be -4 + (-5)/(5/(-4)). Suppose -2*w - 4*w + 1062 = o. Is w a composite number?
True
Let o = -7 + 8. Suppose -n - o = -6. Suppose -4*d + 176 = -4*t, -3*t + 255 = n*d - t. Is d composite?
True
Suppose -2*j = 4*g - 242, 4*j - 439 = g + 72. Let a = -65 + j. Let y = -13 + a. Is y composite?
True
Let q(y) = 5*y**2 + 6*y + 11. Suppose c - 4*s - 8 = 0, -4*s = 4*c - c - 24. Is q(c) a composite number?
False
Suppose 4*n - 3666 = -454. Let u = n + -172. Is u a prime number?
True
Let y(n) = 11*n**3 - 18*n**2 - 7*n - 21. Let p(s) = -4*s**3 + 6*s**2 + 2*s + 7. Let c(t) = 17*p(t) + 6*y(t). Is c(-5) a composite number?
True
Let z(d) = 1971*d + 323. Is z(4) composite?
True
Let h(x) = -114*x + 79. Is h(-8) a prime number?
True
Suppose 17*g - 83188 = 51129. Is g composite?
False
Suppose -2*u - q = -1986, 2*q = 9 - 1. Is u a prime number?
True
Let p be 12/(-7) + (-10)/35. Let r be ((-28)/(-12) + p)*303. Let x = -30 + r. Is x prime?
True
Suppose 0 = -2*u - 2233 + 83. Let i = 1542 + u. Is i a composite number?
False
Let g(v) = -2*v. Let t be g(0). Suppose 2*x = -t*x + 5*i + 3898, 5*x = 3*i + 9745. Is x composite?
False
Is ((-18)/6 - -5)*(-2865)/(-6) a composite number?
T